et c be -4*(-794)/8 + -6. Calculate the highest common factor of 23 and c.
23
Let d(b) be the first derivative of b**4/4 - 4*b**3 - 7*b**2/2 - b + 3. Let r be d(13). Calculate the greatest common divisor of 7 and r.
7
Let k(z) = 4*z**2 + 4*z + 1. Let x be k(-3). Let u = 27 - x. Suppose 0 = -2*d + q + 112, 5*q = -u*d + 78 + 10. What is the highest common factor of d and 6?
6
Suppose 7*v - 4*v = 12. Suppose 119 = v*s - 65. Suppose -18 = 2*p - s. Calculate the highest common divisor of p and 7.
7
Suppose -2*m + u = -20, 5*m = 2*m + 4*u + 35. Let b(n) be the first derivative of n**2 + 2. Let y be b(m). Calculate the greatest common factor of y and 6.
6
Suppose -3*t = -3, -4*t - 9 = y - 37. What is the highest common factor of y and 12?
12
Let s(n) = 8*n**3 + 2*n**2 + 3*n - 8. Let o be s(2). Calculate the greatest common divisor of 14 and o.
14
Let o(l) = l + 26. Let h be o(37). Calculate the greatest common divisor of 504 and h.
63
Let w(d) = -44*d**2 - 2*d + 6. Let s be w(3). Let p be (-11)/(s/152) - (-4)/(-18). What is the greatest common divisor of p and 10?
2
Suppose 11*o - 1774 = -619. Calculate the greatest common divisor of o and 1995.
105
Let j = 8 + -6. Suppose 0 = -5*x + 2*l + 25, j*x - 10 + 0 = -2*l. Let q be 3/27 - (-1077)/27. Calculate the greatest common factor of x and q.
5
Let w(y) = y**3 - 24*y**2 + 29*y - 40. Let j be w(23). What is the highest common divisor of j and 28?
14
Let g = -971 - -978. Suppose m + 12 = 3*f - f, 0 = -3*m + 6. Calculate the highest common divisor of g and f.
7
Let t(g) = -15*g**3 - g**2 - g - g - 5 + 4. Let q be t(-1). Let o(m) = -m**3 + 5*m**2 + 5*m + 5. Let c be o(5). What is the greatest common divisor of c and q?
15
Suppose 55 = -5*v - 0. Let z = -9 - v. Let t be z/4 - 125/(-10). Calculate the greatest common factor of 91 and t.
13
Let q = 252 + -198. What is the highest common factor of 288 and q?
18
Suppose 2*m + 24 = -4*m. Let z be ((-4240)/6)/m - 20/30. What is the highest common factor of 22 and z?
22
Suppose c = 10 + 18. Let u be -1 + 3 + 2 + -1. Suppose 0 = 5*a - 2*y - 204, 0*a + u*a - 4*y - 114 = 0. What is the highest common factor of c and a?
14
Let c = -1865 + 3404. Calculate the highest common factor of 57 and c.
57
Let z(f) = 2*f - 10. Let m be z(6). Let j be 11 - (m/(-9) + (-114)/(-27)). Calculate the greatest common factor of j and 77.
7
Suppose -5*f - 5*y = -95, 69 = 5*f - 5*y + 24. Suppose -s + f + 20 = 0. Let p be (-68)/(-1)*(-6)/(-8). What is the highest common factor of s and p?
17
Let q = 830 - 826. Calculate the greatest common factor of q and 148.
4
Let n be (-2 + -7)*4/(-3). Suppose 6*p = 3*p + n. Suppose -p - 2 = -3*x. Calculate the greatest common divisor of 8 and x.
2
Suppose -10*x = -b - 7*x + 111, -4*x + 212 = 2*b. Calculate the highest common divisor of b and 27.
27
Suppose -r = -0 - 3. Suppose -5 = -x, 0*h = -3*h + 5*x - 16. Let z be (-3 + h)/2 - 27/(-3). What is the greatest common factor of z and r?
3
Let f be 78 - 0 - (-25 - -23). Calculate the greatest common divisor of 64 and f.
16
Suppose 18*f - 21*f + 4652 = -5*d, -5*d - 7740 = -5*f. Calculate the highest common factor of 8 and f.
8
Suppose -11*z - 77 = -12*z - 2*t, 3*t + 6 = 0. What is the highest common factor of z and 135?
27
Suppose -66 + 291 = -5*d. Let b be (-890)/d - (-4)/18. Suppose 41*q - 21*q - 2000 = 0. What is the greatest common divisor of q and b?
20
Let y(u) = -7*u - 40. Let w be y(-6). Suppose w*s - 3*f - 105 = -0*s, 156 = 3*s - 4*f. What is the highest common factor of s and 24?
24
Let h be 5 + 7 + 4 + 1472. Calculate the greatest common divisor of 8 and h.
8
Suppose -l = 4*o + 19, -3*o - 19 = -4*l - 0*l. Let j be 18*19 - (2 - -1 - l). Calculate the greatest common factor of 34 and j.
34
Let u be ((-2)/(-2))/(2 - 3). Let k be -50*(10/(-4) - u). Calculate the greatest common factor of 15 and k.
15
Suppose -4*u - 3 + 11 = 0. Let l be 1 - 27/u*-2. Let q = l + -9. What is the highest common factor of 57 and q?
19
Suppose 0*s = s - 183. Suppose s + 63 = 6*h. Suppose 0 = 4*k - h - 31. Calculate the greatest common divisor of k and 36.
18
Let a(o) = -3*o - 12. Let z be a(-9). Calculate the greatest common factor of 15 and z.
15
Let w = -33 - -39. Suppose 3*u - w - 3 = 2*r, 4*r - 2 = 2*u. What is the greatest common factor of r and 21?
3
Suppose k + 2*u = -6 + 25, -3*k = 2*u - 61. Calculate the greatest common divisor of 3423 and k.
21
Suppose 0 = v - c - 1143, -4*v + c + 4574 = -c. Calculate the greatest common factor of v and 88.
88
Let z = 53 - -22. Suppose -3*l + z = 2*l. Let s be 4 - -3 - (2 - -2). What is the greatest common factor of s and l?
3
Let x(n) = 15*n**3 + 15*n**2 - 13*n - 1. Let g be x(1). Suppose 2*k + 426 = 3*a + 4*k, k - 141 = -a. Calculate the highest common factor of g and a.
16
Suppose -2*f = 5 - 13. Let u(s) = s**3 - 5*s**2 + 5*s + 3. Let r be u(f). Let l be 58302/1107 - (-22)/(-6). Calculate the highest common factor of r and l.
7
Let i = -85 - -95. Calculate the greatest common factor of i and 290.
10
Let k be 0 + (36/(-2))/(-3). Suppose -r = -k*r. Let p be (23 - (-3 + r))*1. Calculate the greatest common factor of p and 26.
26
Let f be 2 + -2*1 + 1. Let l(d) = 2*d**2 - 3*d**2 - 4 - 2*d + 2 + 1 - 11*d**3. Let w be l(-1). Calculate the greatest common divisor of f and w.
1
Let n = 0 - -5. Let v = 325 - 315. Let b = v - n. Calculate the highest common factor of b and 2.
1
Let g = 7 - -11. Let l = 84 - 78. Let w(o) = 32*o - 30. Let h be w(l). Calculate the highest common divisor of h and g.
18
Suppose -c + 5*c + l + 285 = 0, -5*c + l = 354. Let x = -50 - c. What is the greatest common factor of 21 and x?
21
Let f be 5*(319/11 + 9). Calculate the highest common factor of 20 and f.
10
Suppose 7*s - 8*s + 109 = 0. Let j = s + -55. Suppose 72 = n + 3*n. What is the highest common divisor of j and n?
18
Suppose 3*y - 870 = -26*y. Calculate the greatest common divisor of y and 290.
10
Let n(k) = k**2 + 6*k - 35. Let m be n(-10). Calculate the greatest common divisor of 145 and m.
5
Suppose 3*b = 5*l - 892, -3*l + 186 = 5*b - 322. Suppose 2*v = -3*t + 2*t + 1, 0 = -3*v - 15. What is the highest common divisor of l and t?
11
Let m(a) = -a**2 - 19*a + 132. Let y be m(-24). Let c be (-1)/5 + (-241)/(-5). Calculate the greatest common factor of c and y.
12
Let j(n) = -6*n**3 + 2*n**2 + n - 16. Let f be j(-4). Calculate the greatest common factor of f and 108.
36
Let t(u) = -5*u + 1. Let l(a) = -4*a + 1. Let h(j) = 4*l(j) - 3*t(j). Let p be h(-5). Calculate the greatest common factor of p and 6.
6
Let i(a) = -a**3 - 11*a**2 + 41*a - 12. Let m be i(-14). Suppose m*r + 19 = h, -5*h - r = r - 131. What is the highest common factor of h and 15?
5
Let v = -238 - -433. What is the highest common factor of 39 and v?
39
Let y = 771 - 635. Calculate the highest common divisor of 17 and y.
17
Let j(w) = 43*w - 8. Let p be j(1). Calculate the greatest common divisor of p and 15.
5
Let z be 86/18 + 4/18. Suppose z*b = 3*r - 48, -4*r - r - 2*b + 49 = 0. What is the highest common factor of 77 and r?
11
Let r(w) = -21*w + 156. Let b be r(6). What is the highest common divisor of b and 130?
10
Let f = 1278 + -1214. Calculate the highest common divisor of f and 144.
16
Let k = -32 + 32. Suppose 2*g + r - 8 = k, 0 = 3*g + 4*r - 5 + 3. What is the highest common factor of g and 42?
6
Let t(c) = 4*c + 168. Let z be t(16). What is the greatest common divisor of 29 and z?
29
Let p(l) = 81*l**2 + 2*l - 3. Let g be p(-3). Suppose 2*d - 5*d + g = 0. Suppose -m - d = -6*m. What is the highest common factor of m and 72?
24
Let m be 1/((-24)/(-22) + -1). Let k be 77/m + (-5 - -1). Suppose 5*l = k*l + 72. Calculate the highest common factor of l and 18.
18
Suppose 5*h = -3*q + 21, -3*h + 2*h + 3 = 0. Suppose -1242 = -4*v - q*v. What is the highest common divisor of 23 and v?
23
Suppose 0 = -5*n + 5*s + 480, 3*n = 5*s - 37 + 331. What is the highest common divisor of 217 and n?
31
Suppose g + 68 = -3*g. Let y = g + 72. Calculate the greatest common factor of y and 11.
11
Let f(c) = c + 1. Let y be f(-1). Suppose -8*z - 2 = -9*z. Suppose y = r + r - z, g - 16 = -r. Calculate the greatest common divisor of 10 and g.
5
Let r be (11/2)/((-1)/(-2)). Suppose 14*q = r*q + 21. Calculate the highest common factor of q and 21.
